 divisor of f and 2.
2
Suppose 0 = -6*s + s - 4*x + 28, 0 = 2*s - x - 6. Suppose 5*f = -0*f + 110. Suppose 0 = 2*a - s*a + f. What is the greatest common divisor of a and 11?
11
Let a(d) = -d**2 + 11*d - 1. Let u be a(5). Let q = u + -18. What is the highest common factor of 33 and q?
11
Let q = 3 + -9. Let z be ((-1)/2)/(1/q). What is the highest common factor of z and 1?
1
Let y(p) = -4*p - 1. Let d be y(-10). Calculate the highest common factor of 13 and d.
13
Suppose 2*y + 4*d - 54 = 0, 2*y = -0*y + 4*d + 30. Suppose 0 = -4*x + 27 + 1. Calculate the greatest common divisor of y and x.
7
Let z be (-4)/(-6)*(-18 - -36). What is the greatest common divisor of z and 60?
12
Let m be 6/(-14) + (-4090)/(-70). What is the greatest common divisor of 145 and m?
29
Let k(g) = -g**3 + 6*g**2 + 3*g + 4. Let c(h) = 2*h. Let y be c(2). Let x be k(y). Let l = 387 + -375. What is the greatest common factor of l and x?
12
Suppose -2*c + 2 = t, -4*c - 4*t + 2 = -t. Let r be 2*4 + (3 - c). Suppose 3*g = 5*q + 88, g - 25 - 27 = -4*q. What is the highest common divisor of g and r?
9
Let j be 2/(-7) - 247/(-7). Let q be (-16 - 8/(-4))/(-1). Suppose 0*n - 2*n + q = 0. What is the highest common divisor of j and n?
7
Suppose 0 = -g - 6 - 2. Let n be (-1 - -1) + (-144)/g. What is the highest common divisor of n and 72?
18
Let l(f) = -3*f - 13. Let u be l(-6). Calculate the greatest common divisor of u and 20.
5
Let f = -1 + 2. Let l be (f - 3)*(-74 - 2). Let w be ((-6)/(-9))/(2/57). What is the highest common divisor of l and w?
19
Let m be 89/4 - 3/12. Calculate the highest common divisor of m and 2.
2
Let x = 6 - 4. Suppose 0 = -4*i - 4*u + 664, 3*u - 179 = -x*i + 157. What is the greatest common factor of 18 and i?
18
Suppose -2*z - 96 - 2 = -2*j, 0 = -4*j + z + 211. Let v(b) = 4*b + 22. Let c be v(-4). Calculate the highest common divisor of j and c.
6
Suppose -l - 9 = -37. Suppose -3*b = -l - 14. Suppose 4*a - 36 = -2*w + 8*a, 2*w = -4*a + 20. Calculate the greatest common divisor of w and b.
14
Let i(j) = 5*j. Let u be i(15). Calculate the highest common divisor of 15 and u.
15
Let b be 2/4*8*(-12 + 26). Calculate the greatest common factor of b and 28.
28
Suppose 0 = 3*z - z - 8. Suppose -2*g = -0 - z. Suppose -i + 44 = h + 1, g*h - i = 77. What is the greatest common divisor of h and 5?
5
Let q(k) = -k**3 - 5*k**2 - 2*k + 6. Let m be q(-6). What is the highest common factor of m and 18?
18
Suppose 24 = 2*p - 5*z, 3*p = 2*p - 4*z - 14. Suppose 26 - 8 = p*l. Suppose -2*h + 72 = -0*h. Calculate the greatest common factor of l and h.
9
Let a be (-2)/(-6) - (-3136)/42. Calculate the greatest common divisor of a and 30.
15
Suppose -43 - 13 = -4*j. Calculate the greatest common divisor of 119 and j.
7
Let i(s) = -s**3 + 19*s**2 + 19*s + 21. Let k be i(20). Calculate the highest common factor of 8 and k.
1
Let q = -20 + 14. Let c be q/5*(-30)/12. What is the highest common divisor of c and 12?
3
Suppose 0 = -25*z + 24*z + 27. What is the greatest common factor of z and 3?
3
Let a = 65 - 2. Let m(z) = -z**3 - 4*z**2 + 4*z - 8. Let l be m(-6). Let b be 296/l - 2/5. Calculate the highest common factor of b and a.
7
Let r be 60*(1 + 0)*1. Let y(h) be the second derivative of h**4/4 + 5*h**3/6 - 2*h**2 - h. Let o be y(-4). Calculate the greatest common divisor of o and r.
12
Suppose 3*r - 59 = 5*b + 91, 0 = -4*r + 4*b + 192. What is the greatest common divisor of 18 and r?
9
Suppose -3*j = -1652 + 398. What is the greatest common divisor of j and 38?
38
Suppose 0 = -6*r + 42 + 84. What is the greatest common divisor of r and 84?
21
Let i be (-7)/28 + 49/4. Suppose 4*w - 5*o - 221 = w, -o - 1 = 0. Calculate the highest common factor of i and w.
12
Suppose 0 = m - 4*m + 6. Suppose -p = -m*p. Suppose p = 4*h - 53 - 3. What is the greatest common divisor of h and 14?
14
Suppose -4*l = 11*l - 1200. What is the greatest common divisor of 60 and l?
20
Suppose 4*n + 12 - 32 = 0. What is the highest common divisor of n and 25?
5
Let p be (-64)/(-3) + (-1)/3. Calculate the highest common divisor of p and 63.
21
Suppose -3*o + 275 = -0*z + 2*z, -4*o = -3*z - 395. Suppose -76 = -0*j - 2*j. What is the highest common divisor of j and o?
19
Suppose 0 = -5*b - 5*w + 30 + 30, -4*b + w + 63 = 0. What is the greatest common factor of b and 105?
15
Let v = 53 - 18. Calculate the greatest common factor of v and 14.
7
Let g(d) = 2*d + 12. Let m be g(10). Calculate the greatest common divisor of 4 and m.
4
Let b = -3 - 2. Let w be (-8)/b - (-33)/(-55). Let r = 1 + 0. Calculate the highest common divisor of w and r.
1
Suppose 0 = -2*k + 3*o + 15, 5*k = -0*k - 3*o + 6. Suppose 5*u = k*u + 46. What is the greatest common factor of u and 46?
23
Suppose 9 = -2*i + 5*i. Let t be i/(-3)*(-45)/3. What is the highest common factor of t and 75?
15
Let x(g) = -31*g + 1. Let k be x(-2). Suppose 32 = 5*o - d - 6, 3*o - 33 = 4*d. What is the highest common divisor of o and k?
7
Let i = -28 - -35. Calculate the greatest common divisor of 63 and i.
7
Let v(t) = 2*t**3 - 5*t + 2. Suppose -8 = -3*a + a. Let f be v(a). Calculate the highest common divisor of f and 11.
11
Suppose -6*w + 5*w + 16 = 0. Let a(z) = 23*z**2 - 2*z - 1. Let h be a(-1). Calculate the highest common factor of h and w.
8
Suppose -4*d + 4 = 4*i, -d = -2*d + i + 5. Suppose d*g - g = 168. Calculate the greatest common divisor of g and 12.
12
Suppose 14*z = 34 + 232. What is the highest common divisor of z and 76?
19
Let a be 7/3 - 2/6. Suppose -a*n + 45 = 4*r - 3*n, 0 = -n + 3. What is the greatest common divisor of r and 96?
12
Suppose -f - 17 = -2*f. What is the highest common factor of f and 119?
17
Suppose -9*b - 21 = -10*b. What is the greatest common factor of 105 and b?
21
Let q be ((-92)/(-69))/(2/27). What is the highest common factor of q and 54?
18
Let u be 1/(-7) + 232/56. Calculate the greatest common divisor of u and 20.
4
Let n = -3 + 4. Let z(m) = 2*m - 9. Let w be z(6). Let j = w - 1. Calculate the greatest common divisor of j and n.
1
Suppose 0 = -2*g + 90 - 18. Suppose -w - 4*n - 3 = 0, w = 4*n + 10 + 11. Calculate the greatest common divisor of w and g.
9
Suppose 0 = 5*u - 62 + 12. Suppose -5*f + 0 = -u. Suppose -5*q - 2*r = -7*r - 20, -3*q + 8 = -5*r. What is the highest common factor of q and f?
2
Let n be 3/2 + (-1)/2. Let h be 80/12 + 4/(-6). Let p = h + -3. Calculate the greatest common divisor of p and n.
1
Let b = 10 + 22. What is the greatest common divisor of b and 8?
8
Suppose 0 = 10*v - 14*v + 320. Suppose 4*s - 2*w = 54, -5*w + 14 = -11. What is the greatest common factor of v and s?
16
Suppose -99 = -5*s + 1. Let v be 5/(-15) + (-364)/(-12). What is the highest common divisor of s and v?
10
Let s(m) = -m**3 - 9*m**2 + 9*m + 13. Let b be s(-10). Let z = -168 - -237. What is the highest common factor of b and z?
23
Let j = 1 - -3. Suppose -3*d - 3*u + 15 + 9 = 0, -5*d + j*u + 40 = 0. What is the greatest common factor of d and 40?
8
Suppose -6 - 4 = 5*a, a = 2*r - 14. Let q = 9 - r. Calculate the greatest common divisor of 2 and q.
1
Let h be ((-1)/3 - -1)*21. Let p(k) = -k**3 + 7*k**2 + 9*k - 1. Let x be p(8). What is the highest common factor of x and h?
7
Suppose -2*i + 4 = 0, 5*i - 35 + 0 = -5*n. Let o be (-5 - -6)/((-2)/(-4)). Let g be -1*((4 - o) + -12). What is the greatest common factor of g and n?
5
Let k(t) = 4*t**2 + t - 4. Let l be k(-2). Let j(a) = a**2 - 5*a + 6. Let z be j(l). What is the greatest common factor of 28 and z?
28
Suppose -4*n - 8 = -44. Calculate the highest common divisor of n and 9.
9
Let h = -13 + 12. Let f = 10 + h. What is the highest common divisor of f and 18?
9
Let s = -140 - -47. Let z = 158 + s. Let n = -40 - -53. What is the highest common divisor of n and z?
13
Let n(b) = -2 + 3 - 5 + 1 + 43*b. Let k be n(-6). Let v = k + 397. Calculate the greatest common factor of 17 and v.
17
Let n be (1 - -17)*4/4. Calculate the greatest common divisor of 2 and n.
2
Let g(n) = -n**2 + 4*n + 2. Let a be g(4). Suppose -a*b + 154 = -b. Let p(s) = -s**3 - s + 14. Let y be p(0). What is the greatest common factor of b and y?
14
Let l = -3 - -7. Suppose 5*t - 2 = l*t. What is the greatest common factor of t and 4?
2
Let c(w) be the second derivative of w**4/12 + w**3/3 - 4*w**2 - 4*w